 of 113592292?
2
What is the ten thousands digit of 88683381?
8
What is the ten thousands digit of 3110783500?
8
What is the millions digit of 35038178?
5
What is the hundred millions digit of 5165737464?
1
What is the ten thousands digit of 959409221?
0
What is the ten millions digit of 68376524?
6
What is the hundred millions digit of 4117828407?
1
What is the hundreds digit of 134680211?
2
What is the thousands digit of 370846283?
6
What is the units digit of 118483226?
6
What is the hundred thousands digit of 163891465?
8
What is the ten thousands digit of 336218278?
1
What is the millions digit of 167486967?
7
What is the billions digit of 4148554110?
4
What is the hundred millions digit of 6738983011?
7
What is the ten thousands digit of 34102410?
0
What is the hundreds digit of 59870846?
8
What is the hundreds digit of 38655417?
4
What is the hundred millions digit of 370998442?
3
What is the hundreds digit of 249397477?
4
What is the ten millions digit of 14791382?
1
What is the ten thousands digit of 379548802?
4
What is the hundred millions digit of 2987226344?
9
What is the ten thousands digit of 4909022195?
2
What is the hundreds digit of 594879817?
8
What is the millions digit of 217167229?
7
What is the thousands digit of 324649067?
9
What is the hundreds digit of 19192482?
4
What is the ten millions digit of 4699820488?
9
What is the millions digit of 6159385216?
9
What is the tens digit of 898042867?
6
What is the units digit of 4635904501?
1
What is the hundreds digit of 8111815?
8
What is the thousands digit of 61943415?
3
What is the hundreds digit of 795468428?
4
What is the hundreds digit of 6694253315?
3
What is the units digit of 157000774?
4
What is the millions digit of 5846896?
5
What is the hundred millions digit of 140178069?
1
What is the tens digit of 238411855?
5
What is the ten thousands digit of 251239654?
3
What is the tens digit of 2439726277?
7
What is the hundred thousands digit of 52875709?
8
What is the tens digit of 21360720?
2
What is the ten millions digit of 77537313?
7
What is the millions digit of 247677657?
7
What is the tens digit of 76617922?
2
What is the thousands digit of 764471031?
1
What is the units digit of 653807285?
5
What is the ten millions digit of 1529882269?
2
What is the hundreds digit of 588032081?
0
What is the tens digit of 16954488?
8
What is the thousands digit of 449022825?
2
What is the hundred thousands digit of 1359716854?
7
What is the units digit of 1791554513?
3
What is the ten millions digit of 5854613499?
5
What is the thousands digit of 4652933359?
3
What is the tens digit of 505071254?
5
What is the millions digit of 6592696738?
2
What is the hundred thousands digit of 3769357645?
3
What is the units digit of 385014451?
1
What is the hundreds digit of 4842573278?
2
What is the hundred millions digit of 175192034?
1
What is the ten thousands digit of 2923767018?
6
What is the hundreds digit of 63880861?
8
What is the hundreds digit of 2338864075?
0
What is the hundreds digit of 196111793?
7
What is the units digit of 84676551?
1
What is the hundred thousands digit of 28043043?
0
What is the tens digit of 310680228?
2
What is the hundred thousands digit of 372066476?
0
What is the ten thousands digit of 225280766?
8
What is the units digit of 797366093?
3
What is the millions digit of 34204784?
4
What is the hundred thousands digit of 50743442?
7
What is the hundred millions digit of 1213465815?
2
What is the tens digit of 213520?
2
What is the millions digit of 19069076?
9
What is the ten millions digit of 4899082713?
9
What is the hundred millions digit of 139271260?
1
What is the hundred thousands digit of 269070745?
0
What is the hundreds digit of 297565283?
2
What is the millions digit of 3738919059?
8
What is the tens digit of 595324711?
1
What is the units digit of 1214061499?
9
What is the units digit of 3526032?
2
What is the hundred thousands digit of 47361162?
3
What is the hundred thousands digit of 187328840?
3
What is the millions digit of 172108819?
2
What is the millions digit of 1934081646?
4
What is the ten thousands digit of 6396014187?
1
What is the tens digit of 2740857945?
4
What is the hundreds digit of 512448560?
5
What is the tens digit of 4552360867?
6
What is the ten thousands digit of 18865822?
6
What is the hundreds digit of 69796914?
9
What is the millions digit of 4435791362?
5
What is the tens digit of 21432632?
3
What is the hundreds digit of 630596012?
0
What is the hundreds digit of 702978221?
2
What is the units digit of 47697519?
9
What is the hundred thousands digit of 353085014?
0
What is the millions digit of 986567576?
6
What is the tens digit of 818251880?
8
What is the hundred thousands digit of 90889821?
8
What is the thousands digit of 85023802?
3
What is the tens digit of 222693304?
0
What is the hundred thousands digit of 1789907829?
9
What is the units digit of 46668604?
4
What is the units digit of 4441582303?
3
What is the ten millions digit of 163085450?
6
What is the thousands digit of 119314534?
4
What is the ten thousands digit of 97621333?
2
What is the hundred thousands digit of 504428726?
4
What is the hundred thousands digit of 20677437?
6
What is the hundred millions digit of 798188092?
7
What is the hundreds digit of 86262809?
8
What is the thousands digit of 875237823?
7
What is the millions digit of 1207310472?
7
What is the hundred thousands digit of 5283511212?
5
What is the hundred thousands digit of 1829599156?
5
What is the ten millions digit of 90273448?
9
What is the billions digit of 7532696845?
7
What is the hundred millions digit of 194388072?
1
What is the thousands digit of 1350493180?
3
What is the tens digit of 57055101?
0
What is the units digit of 409578583?
3
What is the ten thousands digit of 178648973?
4
What is the tens digit of 317549114?
1
What is the hundred thousands digit of 1590052816?
0
What is the millions digit of 94043833?
4
What is the hundred millions digit of 316686463?
3
What is the thousands digit of 97493940?
3
What is the hundred thousands digit of 1598241258?
2
What is the billions digit of 1659926280?
1
What is the thousands digit of 284899372?
9
What is the ten millions digit of 1714760541?
1
What is the tens digit of 237813357?
5
What is the units digit of 8892965393?
3
What is the tens digit of 84213787?
8
What is the hundred thousands digit of 172803061?
8
What is the tens digit of 94643980?
8
What is the units digit of 93768774?
4
What is the millions digit of 26097617?
6
What is the ten thousands digit of 22303263?
0
What is the thousands digit of 437125955?
5
What is the ten thousands digit of 883812142?
1
What is the millions digit of 851647422?
1
What is the hundred thousands digit of 680519625?
5
What is the hundred millions digit of 294142618?
2
What is the hundreds digit of 3106098?
0
What is the hundreds digit of 3293116150?
1
What is the hundred thousands digit of 236404370?
4
What is the ten thousands digit of 328906930?
0
What is the millions digit of 587150299?
7
What is the hundreds digit of 4302131470?
4
What is the ten millions digit of 31500626?
3
What is the hundred thousands digit of 36808403?
8
What is the hundreds digit of 11553335?
3
What is the units digit of 4871276060?
0
What is the units digit of 217304944?
4
What is the ten millions digit of 1998772096?
9
What is the units digit of 131859207?
7
What is the hundreds digit of 258594384?
3
What is the millions digit of 332264046?
2
What is the ten millions digit of 67198549?
6
What is the units digit of 71851609?
9
What is the ten thousands digit of 795662462?
6
What is the billions digit of 7829473428?
7
What is the hundreds digit of 99596771?
7
What is the hundred millions digit of 1787813929?
7
What is the tens digit of 425606536?
3
What is the ten thousands digit of 68819046?
1
What is the units digit of 35095736?
6
What is the billions digit of 4706394590?
4
What is the ten millions digit of 36733223?
3
What is the ten thousands digit of 74751523?
5
What is the thousands digit of 66661507?
1
What is the hundreds digit of 75231055?
0
What is the thousands digit of 228188654?
8
What is the hundreds digit of 393126971?
9
What is the ten thousands digit of 34068906?
6
What is the hundr